{"id":15,"date":"2018-12-02T09:56:49","date_gmt":"2018-12-02T08:56:49","guid":{"rendered":"http:\/\/brel36.no\/?page_id=15"},"modified":"2026-04-10T10:58:20","modified_gmt":"2026-04-10T08:58:20","slug":"kontakt-styret","status":"publish","type":"page","link":"https:\/\/www.jessheimhageby2.com\/?page_id=15","title":{"rendered":"Kontakt styret"},"content":{"rendered":"\n<p><\/p>\n\n\n\n<p class=\"has-large-font-size\"><mark style=\"background-color:rgba(0, 0, 0, 0);color:#0e9b63\" class=\"has-inline-color\">Styret i Jessheim Hageby ll<\/mark><\/p>\n\n\n\n<pre class=\"wp-block-preformatted\"><em>Oppdatert <\/em>7. mai 2025<\/pre>\n\n\n\n<p><em>Nytt styre fra april 202<\/em>5<\/p>\n\n\n\n<figure class=\"wp-block-table is-style-stripes\"><table><tbody><tr><td><strong>Funksjon<\/strong><\/td><td><strong>Navn<\/strong><\/td><td><strong>E-post<\/strong><\/td><td><strong>Telefon<\/strong><\/td><\/tr><tr><td>Styreleder          <\/td><td> Stig M. Kemi<\/td><td>S\u00e5vegen 15<\/td><td>482 14 777<\/td><\/tr><tr><\/tr><tr><\/tr><tr><td>Styremedlem<\/td><td>Monica Wahlberg<\/td><td><a href=\"mailto:mettekoksvik@hotmail.com\"><mark style=\"background-color:rgba(0, 0, 0, 0)\" class=\"has-inline-color has-black-color\">S\u00e5vegen 1<\/mark><\/a>7<\/td><td>901 00 343<\/td><\/tr><tr><\/tr><tr><\/tr><tr><\/tr><tr><\/tr><tr><td>Styremedlem<\/td><td>Ove H. Fonb\u00e6k<\/td><td><a href=\"mailto:moniwah@online.no\"><mark style=\"background-color:rgba(0, 0, 0, 0)\" class=\"has-inline-color has-black-color\">S\u00e5vegen <\/mark><\/a>19<\/td><td>926 51 022<\/td><\/tr><tr><\/tr><tr><\/tr><tr><td>Styremedlem<\/td><td>Elilabeth Rustad<\/td><td><mark style=\"background-color:rgba(0, 0, 0, 0)\" class=\"has-inline-color has-black-color\">S\u00e5vegen <\/mark> 9<\/td><td>404 88 198<\/td><\/tr><tr><td>Styremedlem<\/td><td>Odd S. Frilseth<\/td><td>S\u00e5vegen 11<\/td><td>907 50 843<\/td><\/tr><tr><\/tr><\/tbody><\/table><figcaption class=\"wp-element-caption\">Mail til styret: jessheimhageby2@styremail.no<\/figcaption><\/figure>\n\n\n\n<p><\/p>\n\n\n\n<p><\/p>\n\n\n\n<figure class=\"wp-block-table is-style-regular\"><table><tbody><tr><\/tr><tr><\/tr><tr><\/tr><tr><\/tr><tr><\/tr><tr><\/tr><tr><\/tr><tr><\/tr><\/tbody><\/table><\/figure>\n","protected":false},"excerpt":{"rendered":"<p>Styret i Jessheim Hageby ll Oppdatert 7. mai 2025 Nytt styre fra april 2025 Funksjon Navn E-post Telefon Styreleder Stig M. Kemi S\u00e5vegen 15 482 14 777 Styremedlem Monica Wahlberg S\u00e5vegen 17 901 00 343 Styremedlem Ove H. Fonb\u00e6k S\u00e5vegen 19 926 51 022 Styremedlem Elilabeth Rustad S\u00e5vegen 9 404 88 198 Styremedlem Odd S. &#8230; <a title=\"Kontakt styret\" class=\"read-more\" href=\"https:\/\/www.jessheimhageby2.com\/?page_id=15\" aria-label=\"Read more about Kontakt styret\">Les mer<\/a><\/p>\n","protected":false},"author":1,"featured_media":0,"parent":0,"menu_order":12,"comment_status":"closed","ping_status":"closed","template":"","meta":{"footnotes":""},"class_list":["post-15","page","type-page","status-publish"],"_links":{"self":[{"href":"https:\/\/www.jessheimhageby2.com\/index.php?rest_route=\/wp\/v2\/pages\/15","targetHints":{"allow":["GET"]}}],"collection":[{"href":"https:\/\/www.jessheimhageby2.com\/index.php?rest_route=\/wp\/v2\/pages"}],"about":[{"href":"https:\/\/www.jessheimhageby2.com\/index.php?rest_route=\/wp\/v2\/types\/page"}],"author":[{"embeddable":true,"href":"https:\/\/www.jessheimhageby2.com\/index.php?rest_route=\/wp\/v2\/users\/1"}],"replies":[{"embeddable":true,"href":"https:\/\/www.jessheimhageby2.com\/index.php?rest_route=%2Fwp%2Fv2%2Fcomments&post=15"}],"version-history":[{"count":21,"href":"https:\/\/www.jessheimhageby2.com\/index.php?rest_route=\/wp\/v2\/pages\/15\/revisions"}],"predecessor-version":[{"id":1112,"href":"https:\/\/www.jessheimhageby2.com\/index.php?rest_route=\/wp\/v2\/pages\/15\/revisions\/1112"}],"wp:attachment":[{"href":"https:\/\/www.jessheimhageby2.com\/index.php?rest_route=%2Fwp%2Fv2%2Fmedia&parent=15"}],"curies":[{"name":"wp","href":"https:\/\/api.w.org\/{rel}","templated":true}]}}